{"id":8743,"date":"2024-04-03T16:58:16","date_gmt":"2024-04-03T19:58:16","guid":{"rendered":"https:\/\/nauticaescalada.com.ar\/eshop\/?post_type=product&#038;p=8743"},"modified":"2025-08-21T05:32:16","modified_gmt":"2025-08-21T08:32:16","slug":"pistola-de-pintar-mota-p700","status":"publish","type":"product","link":"https:\/\/nauticaescalada.com.ar\/eshop\/producto\/pistola-de-pintar-mota-p700\/","title":{"rendered":"PISTOLA DE PINTAR MOTA P700"},"content":{"rendered":"<p>Pistola para pintar embarcaciones o autos tanto con gel coat o cualquier tipo de pintura.<\/p>\n<p>SISTEMA GRAVEDAD H.V.L.P.<br \/>\nPresi\u00f3n de trabajo: 3 BAR M\u00e1x.<br \/>\nDep\u00f3sito: 600cc<\/p>\n<p>Manual de instrucciones\/ficha t\u00e9cnica:\u00a0\u00a0<a href=\"http:\/\/www.mota.com.ar\/p700.pdf\">http:\/\/www.mota.com.ar\/p700.pdf<\/a><\/p>\n<p>Video demostrativo: <a href=\"https:\/\/www.youtube.com\/watch?v=90Vldlbinho&amp;list=UUSm7rMKFL6DhqYT0KzQxf5Q\">https:\/\/www.youtube.com\/watch?v=90Vldlbinho&amp;list=UUSm7rMKFL6DhqYT0KzQxf5Q<\/a><\/p>\n<p>&nbsp;<\/p>\n","protected":false},"excerpt":{"rendered":"<p>Pistola para pintar embarcaciones o autos tanto con gel coat o cualquier tipo de pintura. SISTEMA GRAVEDAD H.V.L.P. Presi\u00f3n de trabajo: 3 BAR M\u00e1x. Dep\u00f3sito: 600cc<span class=\"excerpt-hellip\"> [\u2026]<\/span><\/p>\n","protected":false},"featured_media":11937,"template":"","meta":{"_joinchat":[]},"product_brand":[],"product_cat":[952],"product_tag":[],"class_list":{"0":"post-8743","1":"product","2":"type-product","3":"status-publish","4":"has-post-thumbnail","6":"product_cat-equipos","8":"first","9":"instock","10":"shipping-taxable","11":"purchasable","12":"product-type-simple"},"_links":{"self":[{"href":"https:\/\/nauticaescalada.com.ar\/eshop\/wp-json\/wp\/v2\/product\/8743","targetHints":{"allow":["GET"]}}],"collection":[{"href":"https:\/\/nauticaescalada.com.ar\/eshop\/wp-json\/wp\/v2\/product"}],"about":[{"href":"https:\/\/nauticaescalada.com.ar\/eshop\/wp-json\/wp\/v2\/types\/product"}],"wp:featuredmedia":[{"embeddable":true,"href":"https:\/\/nauticaescalada.com.ar\/eshop\/wp-json\/wp\/v2\/media\/11937"}],"wp:attachment":[{"href":"https:\/\/nauticaescalada.com.ar\/eshop\/wp-json\/wp\/v2\/media?parent=8743"}],"wp:term":[{"taxonomy":"product_brand","embeddable":true,"href":"https:\/\/nauticaescalada.com.ar\/eshop\/wp-json\/wp\/v2\/product_brand?post=8743"},{"taxonomy":"product_cat","embeddable":true,"href":"https:\/\/nauticaescalada.com.ar\/eshop\/wp-json\/wp\/v2\/product_cat?post=8743"},{"taxonomy":"product_tag","embeddable":true,"href":"https:\/\/nauticaescalada.com.ar\/eshop\/wp-json\/wp\/v2\/product_tag?post=8743"}],"curies":[{"name":"wp","href":"https:\/\/api.w.org\/{rel}","templated":true}]}}