{"id":7086,"date":"2025-08-15T12:00:03","date_gmt":"2025-08-15T15:00:03","guid":{"rendered":"https:\/\/nauticaescalada.com.ar\/eshop\/producto\/fibra-de-vidrio-e-glass-300gr-x-1kg-127m-ancho-6-2-3\/"},"modified":"2025-08-21T05:31:48","modified_gmt":"2025-08-21T08:31:48","slug":"fibra-de-vidrio-e-glass-300gr-x-1kg-127m-ancho-6-2-3","status":"publish","type":"product","link":"https:\/\/nauticaescalada.com.ar\/eshop\/producto\/fibra-de-vidrio-e-glass-300gr-x-1kg-127m-ancho-6-2-3\/","title":{"rendered":"Tejido E-Glass de Fibra de Vidrio 100 g\/m\u00b2 \u2013 Rollo 1 m de Ancho"},"content":{"rendered":"<p data-start=\"99\" data-end=\"151\"><strong data-start=\"99\" data-end=\"149\">Fibra de Vidrio Tipo E \u2013 Rollo 1,27 m de Ancho<\/strong><\/p>\n<p data-start=\"153\" data-end=\"435\">Las <strong data-start=\"157\" data-end=\"184\">fibras de vidrio tipo E<\/strong> est\u00e1n compuestas por <strong data-start=\"206\" data-end=\"246\">hebras cortadas distribuidas al azar<\/strong>, unidas mediante un aglutinante en polvo. Son compatibles con <strong data-start=\"309\" data-end=\"381\">resinas poli\u00e9ster (UP), vinil\u00e9ster (VE), epoxi (EP) y fen\u00f3licas (PF)<\/strong>, ofreciendo versatilidad en m\u00faltiples aplicaciones.<\/p>\n<p data-start=\"437\" data-end=\"574\">Este tipo de fibra es ideal para <strong data-start=\"470\" data-end=\"493\">moldeo por contacto<\/strong> y <strong data-start=\"496\" data-end=\"515\">moldeo continuo<\/strong>, asegurando un buen posicionamiento entre capas de film.<\/p>\n<p data-start=\"576\" data-end=\"603\"><strong data-start=\"576\" data-end=\"601\">Aplicaciones t\u00edpicas:<\/strong><\/p>\n<ul data-start=\"604\" data-end=\"778\">\n<li data-start=\"604\" data-end=\"650\">\n<p data-start=\"606\" data-end=\"650\">Construcci\u00f3n de <strong data-start=\"622\" data-end=\"632\">barcos<\/strong> y embarcaciones<\/p>\n<\/li>\n<li data-start=\"651\" data-end=\"696\">\n<p data-start=\"653\" data-end=\"696\">Piezas de <strong data-start=\"663\" data-end=\"694\">PRFV de colocaci\u00f3n pr\u00e1ctica<\/strong><\/p>\n<\/li>\n<li data-start=\"697\" data-end=\"731\">\n<p data-start=\"699\" data-end=\"731\">Componentes de <strong data-start=\"714\" data-end=\"729\">autom\u00f3viles<\/strong><\/p>\n<\/li>\n<li data-start=\"732\" data-end=\"778\">\n<p data-start=\"734\" data-end=\"778\">Tubos, ba\u00f1eras y otros art\u00edculos moldeados<\/p>\n<\/li>\n<\/ul>\n<p data-start=\"780\" data-end=\"810\"><strong data-start=\"780\" data-end=\"808\">Propiedades principales:<\/strong><\/p>\n<ul data-start=\"811\" data-end=\"970\">\n<li data-start=\"811\" data-end=\"845\">\n<p data-start=\"813\" data-end=\"845\">Espesor uniforme y consistente<\/p>\n<\/li>\n<li data-start=\"846\" data-end=\"879\">\n<p data-start=\"848\" data-end=\"879\">F\u00e1cil humectaci\u00f3n con resinas<\/p>\n<\/li>\n<li data-start=\"880\" data-end=\"918\">\n<p data-start=\"882\" data-end=\"918\">Excelente conformabilidad al molde<\/p>\n<\/li>\n<li data-start=\"919\" data-end=\"970\">\n<p data-start=\"921\" data-end=\"970\">Alta resistencia incluso en condiciones h\u00famedas<\/p>\n<\/li>\n<\/ul>\n<h3><em><strong><a href=\"https:\/\/nauticaescalada.com.ar\/eshop\/wp-content\/uploads\/2025\/08\/FIBRA-DE-VIDRIO-CHOPPED.pdf\">FICHA TECNICA DEL PRODUCTO<\/a><\/strong><\/em><\/h3>\n","protected":false},"excerpt":{"rendered":"<p>Fibra de Vidrio Tipo E \u2013 Rollo 1,27 m de Ancho Las fibras de vidrio tipo E est\u00e1n compuestas por hebras cortadas distribuidas al azar, unidas<span class=\"excerpt-hellip\"> [\u2026]<\/span><\/p>\n","protected":false},"featured_media":7082,"template":"","meta":{"_joinchat":[]},"product_brand":[],"product_cat":[648],"product_tag":[1157,456,1151,1135,1137,1159,1081,1158,1160,1145,1156,1154,1155,1153,969,1152,649],"class_list":{"0":"post-7086","1":"product","2":"type-product","3":"status-publish","4":"has-post-thumbnail","6":"product_cat-tejido-vidrio-e-glass-2","7":"product_tag-construccion-nautica","8":"product_tag-fibra-de-vidrio","9":"product_tag-fibra-de-vidrio-tipo-e","10":"product_tag-laminacion-manual","11":"product_tag-manualidades-y-artesanias","12":"product_tag-moldes-industriales","13":"product_tag-moldes-prfv","14":"product_tag-piezas-automotrices","15":"product_tag-reforzamiento-de-superficies","16":"product_tag-refuerzo-estructural","17":"product_tag-resinas-epoxi","18":"product_tag-resinas-poliester","19":"product_tag-resinas-vinilester","20":"product_tag-rollo-fibra-de-vidrio","21":"product_tag-tejido","22":"product_tag-tejido-de-vidrio","23":"product_tag-tejido-vidrio","25":"first","26":"instock","27":"shipping-taxable","28":"purchasable","29":"product-type-simple"},"_links":{"self":[{"href":"https:\/\/nauticaescalada.com.ar\/eshop\/wp-json\/wp\/v2\/product\/7086","targetHints":{"allow":["GET"]}}],"collection":[{"href":"https:\/\/nauticaescalada.com.ar\/eshop\/wp-json\/wp\/v2\/product"}],"about":[{"href":"https:\/\/nauticaescalada.com.ar\/eshop\/wp-json\/wp\/v2\/types\/product"}],"wp:featuredmedia":[{"embeddable":true,"href":"https:\/\/nauticaescalada.com.ar\/eshop\/wp-json\/wp\/v2\/media\/7082"}],"wp:attachment":[{"href":"https:\/\/nauticaescalada.com.ar\/eshop\/wp-json\/wp\/v2\/media?parent=7086"}],"wp:term":[{"taxonomy":"product_brand","embeddable":true,"href":"https:\/\/nauticaescalada.com.ar\/eshop\/wp-json\/wp\/v2\/product_brand?post=7086"},{"taxonomy":"product_cat","embeddable":true,"href":"https:\/\/nauticaescalada.com.ar\/eshop\/wp-json\/wp\/v2\/product_cat?post=7086"},{"taxonomy":"product_tag","embeddable":true,"href":"https:\/\/nauticaescalada.com.ar\/eshop\/wp-json\/wp\/v2\/product_tag?post=7086"}],"curies":[{"name":"wp","href":"https:\/\/api.w.org\/{rel}","templated":true}]}}