{"id":5960,"date":"2020-12-02T10:01:34","date_gmt":"2020-12-02T13:01:34","guid":{"rendered":"https:\/\/nauticaescalada.com.ar\/eshop\/?post_type=product&#038;p=5960"},"modified":"2021-02-01T14:55:58","modified_gmt":"2021-02-01T17:55:58","slug":"yacht-varnish-x-4l","status":"publish","type":"product","link":"https:\/\/nauticaescalada.com.ar\/eshop\/producto\/yacht-varnish-x-4l\/","title":{"rendered":"YACHT VARNISH X 4L"},"content":{"rendered":"<p><strong>YACHT VARNISH<\/strong>\u00a0es un revestimiento protector para ser utilizado en los ambientes m\u00e1s agresivos como ser los costeros de agua dulce o salada. Posee una delicada terminaci\u00f3n y extraordinaria duraci\u00f3n. Tiene resinas de poli\u00e9ster modificadas con alto contenido de aceite que nutren a la madera desde la primera aplicaci\u00f3n y permiten acompa\u00f1ar los movimientos internos de la madera. Contiene los m\u00e1s novedosos filtros UV y agentes antioxidantes, y su color dorado permite resaltar todas las maderas, a\u00fan las m\u00e1s nobles. Es de muy f\u00e1cil aplicaci\u00f3n a pincel. Posee una excelente terminaci\u00f3n brillante.<\/p>\n","protected":false},"excerpt":{"rendered":"<p>YACHT VARNISH\u00a0es un revestimiento protector para ser utilizado en los ambientes m\u00e1s agresivos como ser los costeros de agua dulce o salada. Posee una delicada terminaci\u00f3n<span class=\"excerpt-hellip\"> [\u2026]<\/span><\/p>\n","protected":false},"featured_media":5959,"template":"","meta":{"_joinchat":[]},"product_brand":[],"product_cat":[884],"product_tag":[886,885],"class_list":{"0":"post-5960","1":"product","2":"type-product","3":"status-publish","4":"has-post-thumbnail","6":"product_cat-petrilac","7":"product_tag-linea-nautica","8":"product_tag-petrilac","10":"first","11":"instock","12":"shipping-taxable","13":"product-type-simple"},"_links":{"self":[{"href":"https:\/\/nauticaescalada.com.ar\/eshop\/wp-json\/wp\/v2\/product\/5960","targetHints":{"allow":["GET"]}}],"collection":[{"href":"https:\/\/nauticaescalada.com.ar\/eshop\/wp-json\/wp\/v2\/product"}],"about":[{"href":"https:\/\/nauticaescalada.com.ar\/eshop\/wp-json\/wp\/v2\/types\/product"}],"wp:featuredmedia":[{"embeddable":true,"href":"https:\/\/nauticaescalada.com.ar\/eshop\/wp-json\/wp\/v2\/media\/5959"}],"wp:attachment":[{"href":"https:\/\/nauticaescalada.com.ar\/eshop\/wp-json\/wp\/v2\/media?parent=5960"}],"wp:term":[{"taxonomy":"product_brand","embeddable":true,"href":"https:\/\/nauticaescalada.com.ar\/eshop\/wp-json\/wp\/v2\/product_brand?post=5960"},{"taxonomy":"product_cat","embeddable":true,"href":"https:\/\/nauticaescalada.com.ar\/eshop\/wp-json\/wp\/v2\/product_cat?post=5960"},{"taxonomy":"product_tag","embeddable":true,"href":"https:\/\/nauticaescalada.com.ar\/eshop\/wp-json\/wp\/v2\/product_tag?post=5960"}],"curies":[{"name":"wp","href":"https:\/\/api.w.org\/{rel}","templated":true}]}}