{"id":5954,"date":"2020-12-02T09:51:12","date_gmt":"2020-12-02T12:51:12","guid":{"rendered":"https:\/\/nauticaescalada.com.ar\/eshop\/?post_type=product&#038;p=5954"},"modified":"2023-04-27T10:55:35","modified_gmt":"2023-04-27T13:55:35","slug":"removedor-plus-x-1l","status":"publish","type":"product","link":"https:\/\/nauticaescalada.com.ar\/eshop\/producto\/removedor-plus-x-1l\/","title":{"rendered":"REMOVEDOR PLUS X 1L"},"content":{"rendered":"<p><strong>REMOVEDOR PLUS<\/strong>\u00a0es un producto para remover recubrimientos dif\u00edciles de quitar con removedores comunes. Contiene emolientes y mojantes de gran eficacia para remover barnices marinos, lacas acr\u00edlicas, poli\u00e9ster y poliuretanos de uno y dos componentes. Su consistencia de gel flu\u00eddo es ideal para aplicar tanto en superficies horizontales como en verticales<\/p>\n","protected":false},"excerpt":{"rendered":"<p>REMOVEDOR PLUS\u00a0es un producto para remover recubrimientos dif\u00edciles de quitar con removedores comunes. Contiene emolientes y mojantes de gran eficacia para remover barnices marinos, lacas acr\u00edlicas,<span class=\"excerpt-hellip\"> [\u2026]<\/span><\/p>\n","protected":false},"featured_media":5955,"template":"","meta":{"_joinchat":[]},"product_brand":[],"product_cat":[884],"product_tag":[886,885],"class_list":{"0":"post-5954","1":"product","2":"type-product","3":"status-publish","4":"has-post-thumbnail","6":"product_cat-petrilac","7":"product_tag-linea-nautica","8":"product_tag-petrilac","10":"first","11":"instock","12":"shipping-taxable","13":"purchasable","14":"product-type-simple"},"_links":{"self":[{"href":"https:\/\/nauticaescalada.com.ar\/eshop\/wp-json\/wp\/v2\/product\/5954","targetHints":{"allow":["GET"]}}],"collection":[{"href":"https:\/\/nauticaescalada.com.ar\/eshop\/wp-json\/wp\/v2\/product"}],"about":[{"href":"https:\/\/nauticaescalada.com.ar\/eshop\/wp-json\/wp\/v2\/types\/product"}],"wp:featuredmedia":[{"embeddable":true,"href":"https:\/\/nauticaescalada.com.ar\/eshop\/wp-json\/wp\/v2\/media\/5955"}],"wp:attachment":[{"href":"https:\/\/nauticaescalada.com.ar\/eshop\/wp-json\/wp\/v2\/media?parent=5954"}],"wp:term":[{"taxonomy":"product_brand","embeddable":true,"href":"https:\/\/nauticaescalada.com.ar\/eshop\/wp-json\/wp\/v2\/product_brand?post=5954"},{"taxonomy":"product_cat","embeddable":true,"href":"https:\/\/nauticaescalada.com.ar\/eshop\/wp-json\/wp\/v2\/product_cat?post=5954"},{"taxonomy":"product_tag","embeddable":true,"href":"https:\/\/nauticaescalada.com.ar\/eshop\/wp-json\/wp\/v2\/product_tag?post=5954"}],"curies":[{"name":"wp","href":"https:\/\/api.w.org\/{rel}","templated":true}]}}