{"id":5948,"date":"2020-12-02T09:44:38","date_gmt":"2020-12-02T12:44:38","guid":{"rendered":"https:\/\/nauticaescalada.com.ar\/eshop\/?post_type=product&#038;p=5948"},"modified":"2022-11-10T14:53:20","modified_gmt":"2022-11-10T17:53:20","slug":"limpia-sentina-x-700cm3","status":"publish","type":"product","link":"https:\/\/nauticaescalada.com.ar\/eshop\/producto\/limpia-sentina-x-700cm3\/","title":{"rendered":"LIMPIA SENTINA X 700CM3"},"content":{"rendered":"<p><strong>LIMPIA SENTINA\u00a0<\/strong>es un producto para limpiar y desengrasar sentinas y salas de m\u00e1quinas de barcos. Disuelve y elimina el aceite, la grasa, la suciedad, los residuos y los sedimentos. Es un poderoso emulgente capaz de limpiar los contaminantes m\u00e1s habituales de las sentinas de los barcos. Su alto contenido de \u00e1cido la\u00farico y coco permiten limpiar suciedades dif\u00edciles. Es un producto ecol\u00f3gico, totalmente biodegradable, no presenta fosfatos y no con- tiene amon\u00edaco ni hipoclorito de sodio.<\/p>\n","protected":false},"excerpt":{"rendered":"<p>LIMPIA SENTINA\u00a0es un producto para limpiar y desengrasar sentinas y salas de m\u00e1quinas de barcos. Disuelve y elimina el aceite, la grasa, la suciedad, los residuos<span class=\"excerpt-hellip\"> [\u2026]<\/span><\/p>\n","protected":false},"featured_media":5949,"template":"","meta":{"_joinchat":[]},"product_brand":[],"product_cat":[884],"product_tag":[886,885],"class_list":{"0":"post-5948","1":"product","2":"type-product","3":"status-publish","4":"has-post-thumbnail","6":"product_cat-petrilac","7":"product_tag-linea-nautica","8":"product_tag-petrilac","10":"first","11":"instock","12":"shipping-taxable","13":"purchasable","14":"product-type-simple"},"_links":{"self":[{"href":"https:\/\/nauticaescalada.com.ar\/eshop\/wp-json\/wp\/v2\/product\/5948","targetHints":{"allow":["GET"]}}],"collection":[{"href":"https:\/\/nauticaescalada.com.ar\/eshop\/wp-json\/wp\/v2\/product"}],"about":[{"href":"https:\/\/nauticaescalada.com.ar\/eshop\/wp-json\/wp\/v2\/types\/product"}],"wp:featuredmedia":[{"embeddable":true,"href":"https:\/\/nauticaescalada.com.ar\/eshop\/wp-json\/wp\/v2\/media\/5949"}],"wp:attachment":[{"href":"https:\/\/nauticaescalada.com.ar\/eshop\/wp-json\/wp\/v2\/media?parent=5948"}],"wp:term":[{"taxonomy":"product_brand","embeddable":true,"href":"https:\/\/nauticaescalada.com.ar\/eshop\/wp-json\/wp\/v2\/product_brand?post=5948"},{"taxonomy":"product_cat","embeddable":true,"href":"https:\/\/nauticaescalada.com.ar\/eshop\/wp-json\/wp\/v2\/product_cat?post=5948"},{"taxonomy":"product_tag","embeddable":true,"href":"https:\/\/nauticaescalada.com.ar\/eshop\/wp-json\/wp\/v2\/product_tag?post=5948"}],"curies":[{"name":"wp","href":"https:\/\/api.w.org\/{rel}","templated":true}]}}