{"id":5946,"date":"2020-12-02T09:42:20","date_gmt":"2020-12-02T12:42:20","guid":{"rendered":"https:\/\/nauticaescalada.com.ar\/eshop\/?post_type=product&#038;p=5946"},"modified":"2022-11-29T10:42:53","modified_gmt":"2022-11-29T13:42:53","slug":"limpia-motores-x-700cm3","status":"publish","type":"product","link":"https:\/\/nauticaescalada.com.ar\/eshop\/producto\/limpia-motores-x-700cm3\/","title":{"rendered":"LIMPIA MOTORES X 700CM3"},"content":{"rendered":"<p><strong>LIMPIA MOTORES<\/strong>\u00a0es un producto desengrasante y emulsionante l\u00edquido, de base acuosa de car\u00e1cter ligeramente alcalino que disuelve manchas, aceites y grasas. Est\u00e1 formulado especialmente para la limpieza de blocks de motores y maquinarias. Ideal para eliminar el aceite, la grasa y la suciedad que se acumula en los motores n\u00e1uticos.<\/p>\n","protected":false},"excerpt":{"rendered":"<p>LIMPIA MOTORES\u00a0es un producto desengrasante y emulsionante l\u00edquido, de base acuosa de car\u00e1cter ligeramente alcalino que disuelve manchas, aceites y grasas. Est\u00e1 formulado especialmente para la<span class=\"excerpt-hellip\"> [\u2026]<\/span><\/p>\n","protected":false},"featured_media":5947,"template":"","meta":{"_joinchat":[]},"product_brand":[],"product_cat":[884],"product_tag":[886,885],"class_list":{"0":"post-5946","1":"product","2":"type-product","3":"status-publish","4":"has-post-thumbnail","6":"product_cat-petrilac","7":"product_tag-linea-nautica","8":"product_tag-petrilac","10":"first","11":"instock","12":"shipping-taxable","13":"purchasable","14":"product-type-simple"},"_links":{"self":[{"href":"https:\/\/nauticaescalada.com.ar\/eshop\/wp-json\/wp\/v2\/product\/5946","targetHints":{"allow":["GET"]}}],"collection":[{"href":"https:\/\/nauticaescalada.com.ar\/eshop\/wp-json\/wp\/v2\/product"}],"about":[{"href":"https:\/\/nauticaescalada.com.ar\/eshop\/wp-json\/wp\/v2\/types\/product"}],"wp:featuredmedia":[{"embeddable":true,"href":"https:\/\/nauticaescalada.com.ar\/eshop\/wp-json\/wp\/v2\/media\/5947"}],"wp:attachment":[{"href":"https:\/\/nauticaescalada.com.ar\/eshop\/wp-json\/wp\/v2\/media?parent=5946"}],"wp:term":[{"taxonomy":"product_brand","embeddable":true,"href":"https:\/\/nauticaescalada.com.ar\/eshop\/wp-json\/wp\/v2\/product_brand?post=5946"},{"taxonomy":"product_cat","embeddable":true,"href":"https:\/\/nauticaescalada.com.ar\/eshop\/wp-json\/wp\/v2\/product_cat?post=5946"},{"taxonomy":"product_tag","embeddable":true,"href":"https:\/\/nauticaescalada.com.ar\/eshop\/wp-json\/wp\/v2\/product_tag?post=5946"}],"curies":[{"name":"wp","href":"https:\/\/api.w.org\/{rel}","templated":true}]}}