{"id":4998,"date":"2020-07-18T16:47:31","date_gmt":"2020-07-18T19:47:31","guid":{"rendered":"http:\/\/nauticaescalada.com.ar\/eshop\/?post_type=product&#038;p=4998"},"modified":"2025-08-13T11:59:52","modified_gmt":"2025-08-13T14:59:52","slug":"malla-grewn-flow-negra-x-2mts-malla-para-infusion","status":"publish","type":"product","link":"https:\/\/nauticaescalada.com.ar\/eshop\/producto\/malla-grewn-flow-negra-x-2mts-malla-para-infusion\/","title":{"rendered":"Malla Flow Media  \u2013 2 m de ancho \u2013 Para laminado por infusi\u00f3n"},"content":{"rendered":"<p data-start=\"491\" data-end=\"759\">La <strong data-start=\"494\" data-end=\"520\">Malla Flow Media <\/strong>\u00a0de 2 m de ancho est\u00e1 dise\u00f1ada para optimizar la distribuci\u00f3n de resina en procesos de laminado por infusi\u00f3n o vac\u00edo asistido. Facilita un flujo r\u00e1pido y homog\u00e9neo, asegurando una impregnaci\u00f3n uniforme y reduciendo el tiempo de infusi\u00f3n.<\/p>\n<p data-start=\"761\" data-end=\"977\">Su alta resistencia y flexibilidad permiten adaptarla a superficies planas y curvas, manteniendo un flujo estable durante todo el proceso. Es reutilizable en ciertos casos, lo que ayuda a reducir costos y residuos.<\/p>\n<p data-start=\"979\" data-end=\"994\"><strong data-start=\"979\" data-end=\"992\">Ventajas:<\/strong><\/p>\n<ul data-start=\"995\" data-end=\"1133\">\n<li data-start=\"995\" data-end=\"1031\">\n<p data-start=\"997\" data-end=\"1031\">Distribuci\u00f3n uniforme de resina.<\/p>\n<\/li>\n<li data-start=\"1032\" data-end=\"1063\">\n<p data-start=\"1034\" data-end=\"1063\">Reduce tiempos de infusi\u00f3n.<\/p>\n<\/li>\n<li data-start=\"1064\" data-end=\"1102\">\n<p data-start=\"1066\" data-end=\"1102\">Adaptable a diferentes geometr\u00edas.<\/p>\n<\/li>\n<li data-start=\"1103\" data-end=\"1133\">\n<p data-start=\"1105\" data-end=\"1133\">Alta resistencia mec\u00e1nica.<\/p>\n<\/li>\n<\/ul>\n<p>\ud83d\udcc4<a href=\"https:\/\/nauticaescalada.com.ar\/eshop\/wp-content\/uploads\/2020\/07\/MALLA-FLOW-MEDIA.pdf\">\u00a0Ver ficha t\u00e9cnica completa aqu\u00ed<\/a><\/p>\n","protected":false},"excerpt":{"rendered":"<p data-start=\"181\" data-end=\"249\">Malla de distribuci\u00f3n de resina para procesos de laminado por infusi\u00f3n, 2 m de ancho. Optimiza el flujo y asegura una impregnaci\u00f3n uniforme en toda la pieza.<\/p>\n","protected":false},"featured_media":11951,"template":"","meta":{"_joinchat":[]},"product_brand":[],"product_cat":[646,654],"product_tag":[466,1101,1102,1090,1100,1099],"class_list":{"0":"post-4998","1":"product","2":"type-product","3":"status-publish","4":"has-post-thumbnail","6":"product_cat-composites","7":"product_cat-insumos-vacio-infusion","8":"product_tag-composites","9":"product_tag-distribucion-de-resina","10":"product_tag-infusion-al-vacio","11":"product_tag-laminado","12":"product_tag-malla-de-infusion","13":"product_tag-malla-flow-media","15":"first","16":"instock","17":"shipping-taxable","18":"product-type-simple"},"_links":{"self":[{"href":"https:\/\/nauticaescalada.com.ar\/eshop\/wp-json\/wp\/v2\/product\/4998","targetHints":{"allow":["GET"]}}],"collection":[{"href":"https:\/\/nauticaescalada.com.ar\/eshop\/wp-json\/wp\/v2\/product"}],"about":[{"href":"https:\/\/nauticaescalada.com.ar\/eshop\/wp-json\/wp\/v2\/types\/product"}],"wp:featuredmedia":[{"embeddable":true,"href":"https:\/\/nauticaescalada.com.ar\/eshop\/wp-json\/wp\/v2\/media\/11951"}],"wp:attachment":[{"href":"https:\/\/nauticaescalada.com.ar\/eshop\/wp-json\/wp\/v2\/media?parent=4998"}],"wp:term":[{"taxonomy":"product_brand","embeddable":true,"href":"https:\/\/nauticaescalada.com.ar\/eshop\/wp-json\/wp\/v2\/product_brand?post=4998"},{"taxonomy":"product_cat","embeddable":true,"href":"https:\/\/nauticaescalada.com.ar\/eshop\/wp-json\/wp\/v2\/product_cat?post=4998"},{"taxonomy":"product_tag","embeddable":true,"href":"https:\/\/nauticaescalada.com.ar\/eshop\/wp-json\/wp\/v2\/product_tag?post=4998"}],"curies":[{"name":"wp","href":"https:\/\/api.w.org\/{rel}","templated":true}]}}