{"id":4863,"date":"2020-07-16T14:35:05","date_gmt":"2020-07-16T17:35:05","guid":{"rendered":"http:\/\/nauticaescaladac.ns151.dnsarg.com\/eshop\/?post_type=product&#038;p=4863"},"modified":"2025-08-13T15:56:22","modified_gmt":"2025-08-13T18:56:22","slug":"hydra-thinner-501-multiplus-x-4lts","status":"publish","type":"product","link":"https:\/\/nauticaescalada.com.ar\/eshop\/producto\/hydra-thinner-501-multiplus-x-4lts\/","title":{"rendered":"HYDRA THINNER 501 MULTIPLUS X 4LTS"},"content":{"rendered":"<div class=\"col-md-8 mt-3\">\n<p>El thinner Hydra 501 Multiplus es un producto formulado para trabajos de pintura en general, indicado para disolver fondos y selladores de uso en repintado automotor, la industria maderera, etc. Puede utilizarse para diluir lacas nitrocelul\u00f3sicas, nitrosint\u00e9ticas, acr\u00edlicas, etc. Tambi\u00e9n para masillas, lacas para cueros, limpieza de equipos y utensilios. Un excelente auxiliar para la obtenci\u00f3n de muy buenos resultados.<\/p>\n<\/div>\n","protected":false},"excerpt":{"rendered":"<p>El thinner Hydra 501 Multiplus es un producto formulado para trabajos de pintura en general, indicado para disolver fondos y selladores de uso en repintado automotor,<span class=\"excerpt-hellip\"> [\u2026]<\/span><\/p>\n","protected":false},"featured_media":7137,"template":"","meta":{"_joinchat":[]},"product_brand":[],"product_cat":[694,613],"product_tag":[615,614],"class_list":{"0":"post-4863","1":"product","2":"type-product","3":"status-publish","4":"has-post-thumbnail","6":"product_cat-hydra","7":"product_cat-thinner","8":"product_tag-limpieza","9":"product_tag-thinner","11":"first","12":"instock","13":"shipping-taxable","14":"product-type-simple"},"_links":{"self":[{"href":"https:\/\/nauticaescalada.com.ar\/eshop\/wp-json\/wp\/v2\/product\/4863","targetHints":{"allow":["GET"]}}],"collection":[{"href":"https:\/\/nauticaescalada.com.ar\/eshop\/wp-json\/wp\/v2\/product"}],"about":[{"href":"https:\/\/nauticaescalada.com.ar\/eshop\/wp-json\/wp\/v2\/types\/product"}],"wp:featuredmedia":[{"embeddable":true,"href":"https:\/\/nauticaescalada.com.ar\/eshop\/wp-json\/wp\/v2\/media\/7137"}],"wp:attachment":[{"href":"https:\/\/nauticaescalada.com.ar\/eshop\/wp-json\/wp\/v2\/media?parent=4863"}],"wp:term":[{"taxonomy":"product_brand","embeddable":true,"href":"https:\/\/nauticaescalada.com.ar\/eshop\/wp-json\/wp\/v2\/product_brand?post=4863"},{"taxonomy":"product_cat","embeddable":true,"href":"https:\/\/nauticaescalada.com.ar\/eshop\/wp-json\/wp\/v2\/product_cat?post=4863"},{"taxonomy":"product_tag","embeddable":true,"href":"https:\/\/nauticaescalada.com.ar\/eshop\/wp-json\/wp\/v2\/product_tag?post=4863"}],"curies":[{"name":"wp","href":"https:\/\/api.w.org\/{rel}","templated":true}]}}