{"id":10028,"date":"2024-11-04T14:57:53","date_gmt":"2024-11-04T17:57:53","guid":{"rendered":"https:\/\/nauticaescalada.com.ar\/eshop\/producto\/frekote-700nc-desmolante-epoxi-x-galon-2\/"},"modified":"2025-08-21T05:32:07","modified_gmt":"2025-08-21T08:32:07","slug":"frekote-700nc-desmolante-epoxi-x-galon-2","status":"publish","type":"product","link":"https:\/\/nauticaescalada.com.ar\/eshop\/producto\/frekote-700nc-desmolante-epoxi-x-galon-2\/","title":{"rendered":"FREKOTE 700NC DESMOLANTE EPOXI X GALON"},"content":{"rendered":"<div class=\"product__features\">Desmoldante Epoxi transparente, a base solvente, curado con humedad para la mayor\u00eda de los compuestos avanzados y tambi\u00e9n resinas de poli\u00e9ster.<\/div>\n<div class=\"product__descriptionText\" data-original-html=\"LOCTITE\u00ae FREKOTE\u00ae 700NC es un epoxi desmoldante transparente, a base solvente y curado por humedad para la mayor\u00eda de compuestos avanzados y tambi\u00e9n resinas de poli\u00e9ster. Es un agente vers\u00e1til con alta estabilidad t\u00e9rmica que proporciona un alto deslizamiento donde se encuentran los problemas de geometr\u00eda del molde y se cura r\u00e1pidamente a temperatura ambiente para dar un acabado de alto brillo a las piezas moldeadas. Limpiado o rociado.\">LOCTITE\u00ae FREKOTE\u00ae 700NC es un epoxi desmoldante transparente, a base solvente y curado por humedad para la mayor\u00eda de compuestos avanzados y tambi\u00e9n resinas de poli\u00e9ster. Es un agente vers\u00e1til con alta estabilidad t\u00e9rmica que proporciona un alto deslizamiento donde se encuentran los problemas de geometr\u00eda del molde y se cura r\u00e1pidamente a temperatura ambiente para dar un acabado de alto brillo a las piezas moldeadas. Limpiado o rociado.<\/div>\n<div class=\"product__benefitsList\">\n<ul>\n<li>El deslizamiento alto compensa los problemas de geometr\u00eda del molde<\/li>\n<li>Universal para compuestos avanzados<\/li>\n<li>Acabado de alto brillo<\/li>\n<li>Tambi\u00e9n para resinas de poli\u00e9ster<\/li>\n<li>curado r\u00e1pido<\/li>\n<\/ul>\n<h2 id=\"Informaci\u00f3n t\u00e9cnica2\" class=\"product__section\" tabindex=\"-1\">Informaci\u00f3n t\u00e9cnica<\/h2>\n<div class=\"table__base\">\n<table class=\"table__container\">\n<tbody>\n<tr class=\"table__row\">\n<td class=\"table__column table__columnTitle\">Caracter\u00edsticas principales<\/td>\n<td class=\"table__column table__columnDescription\">A Base de Solvente<\/td>\n<\/tr>\n<tr class=\"table__row\">\n<td class=\"table__column table__columnTitle\">Reflejo del acabado<\/td>\n<td class=\"table__column table__columnDescription\">Brillo<\/td>\n<\/tr>\n<tr class=\"table__row\">\n<td class=\"table__column table__columnTitle\">Se recomienda su uso con<\/td>\n<td class=\"table__column table__columnDescription\">Composite: Composites Avanzados<\/td>\n<\/tr>\n<tr class=\"table__row\">\n<td class=\"table__column table__columnTitle\">Tiempo de curado completo, @ 20.0 \u00b0C<\/td>\n<td class=\"table__column table__columnDescription\">20.0 min<\/td>\n<\/tr>\n<tr class=\"table__row\">\n<td class=\"table__column table__columnTitle\">Tiempo de secado entre capas, @ 20.0 \u00b0C<\/td>\n<td class=\"table__column table__columnDescription\">5.0 min<\/td>\n<\/tr>\n<\/tbody>\n<\/table>\n<\/div>\n<\/div>\n<p>Ficha t\u00e9cnica:<\/p>\n<p><a href=\"file:\/\/\/C:\/Users\/PC\/Downloads\/Loctite%20FREKOTE%20700NC-ES%20(1).pdf\">file:\/\/\/C:\/Users\/PC\/Downloads\/Loctite%20FREKOTE%20700NC-ES%20(1).pdf<\/a><\/p>\n<p>&nbsp;<\/p>\n","protected":false},"excerpt":{"rendered":"<p>Desmoldante Epoxi transparente, a base solvente, curado con humedad para la mayor\u00eda de los compuestos avanzados y tambi\u00e9n resinas de poli\u00e9ster. LOCTITE\u00ae FREKOTE\u00ae 700NC es un<span class=\"excerpt-hellip\"> [\u2026]<\/span><\/p>\n","protected":false},"featured_media":10032,"template":"","meta":{"_joinchat":[]},"product_brand":[],"product_cat":[1008],"product_tag":[1082,1080,1079,1078,1077,1076,1081,409,443],"class_list":{"0":"post-10028","1":"product","2":"type-product","3":"status-publish","4":"has-post-thumbnail","6":"product_cat-cera-desmolde","7":"product_tag-curado-rapido","8":"product_tag-desmoldante","9":"product_tag-fms","10":"product_tag-frekote","11":"product_tag-henkel","12":"product_tag-loctite","13":"product_tag-moldes-prfv","14":"product_tag-resina","15":"product_tag-sellador","17":"first","18":"instock","19":"shipping-taxable","20":"purchasable","21":"product-type-simple"},"_links":{"self":[{"href":"https:\/\/nauticaescalada.com.ar\/eshop\/wp-json\/wp\/v2\/product\/10028","targetHints":{"allow":["GET"]}}],"collection":[{"href":"https:\/\/nauticaescalada.com.ar\/eshop\/wp-json\/wp\/v2\/product"}],"about":[{"href":"https:\/\/nauticaescalada.com.ar\/eshop\/wp-json\/wp\/v2\/types\/product"}],"wp:featuredmedia":[{"embeddable":true,"href":"https:\/\/nauticaescalada.com.ar\/eshop\/wp-json\/wp\/v2\/media\/10032"}],"wp:attachment":[{"href":"https:\/\/nauticaescalada.com.ar\/eshop\/wp-json\/wp\/v2\/media?parent=10028"}],"wp:term":[{"taxonomy":"product_brand","embeddable":true,"href":"https:\/\/nauticaescalada.com.ar\/eshop\/wp-json\/wp\/v2\/product_brand?post=10028"},{"taxonomy":"product_cat","embeddable":true,"href":"https:\/\/nauticaescalada.com.ar\/eshop\/wp-json\/wp\/v2\/product_cat?post=10028"},{"taxonomy":"product_tag","embeddable":true,"href":"https:\/\/nauticaescalada.com.ar\/eshop\/wp-json\/wp\/v2\/product_tag?post=10028"}],"curies":[{"name":"wp","href":"https:\/\/api.w.org\/{rel}","templated":true}]}}