{"id":10026,"date":"2024-11-04T14:57:53","date_gmt":"2024-11-04T17:57:53","guid":{"rendered":"https:\/\/nauticaescalada.com.ar\/eshop\/?post_type=product&#038;p=10026"},"modified":"2025-08-25T22:25:20","modified_gmt":"2025-08-26T01:25:20","slug":"frekote-700nc-desmolante-epoxi-x-galon","status":"publish","type":"product","link":"https:\/\/nauticaescalada.com.ar\/eshop\/producto\/frekote-700nc-desmolante-epoxi-x-galon\/","title":{"rendered":"FREKOTE FMS SELLADOR DE MOLDES FABRICADOS EN RESINA X GALON"},"content":{"rendered":"<div class=\"product__benefitsList\">\n<div class=\"product__features\">Sellador de moldes en base solvente para moldes de composite. Curado r\u00e1pido, 20 min.<\/div>\n<div class=\"product__descriptionText\" data-original-html=\"LOCTITE\u00ae FREKOTE\u00ae FMS es un sellador en base solvente que se utiliza en la fase de preparaci\u00f3n de los moldes de composite frot\u00e1ndolo con un pa\u00f1o y deja una superficie de alto brillo. Est\u00e1 especialmente formulado como sellador para moldes de PRFV, de epoxi y otros moldes de composite. El producto sella microporos y proporciona un desmoldeante uniforme que cura en 20 min al contacto con la humedad ambiental.\">LOCTITE\u00ae FREKOTE\u00ae FMS es un sellador en base solvente que se utiliza en la fase de preparaci\u00f3n de los moldes de composite frot\u00e1ndolo con un pa\u00f1o y deja una superficie de alto brillo. Est\u00e1 especialmente formulado como sellador para moldes de PRFV, de epoxi y otros moldes de composite. El producto sella microporos y proporciona un desmoldeante uniforme que cura en 20 min al contacto con la humedad ambiental.<\/div>\n<div class=\"product__benefitsList\">\n<ul>\n<li>Superficie de alto brillo<\/li>\n<li>Se aplica frot\u00e1ndolo con un pa\u00f1o<\/li>\n<li>Sellador para moldes de composite<\/li>\n<li>Cura en 20 min<\/li>\n<\/ul>\n<h2 id=\"Informaci\u00f3n t\u00e9cnica2\" class=\"product__section\" tabindex=\"-1\">Informaci\u00f3n t\u00e9cnica<\/h2>\n<div class=\"table__base\">\n<table class=\"table__container\">\n<tbody>\n<tr class=\"table__row\">\n<td class=\"table__column table__columnTitle\">Aplicaciones<\/td>\n<td class=\"table__column table__columnDescription\">Preparaci\u00f3n del Molde<\/td>\n<\/tr>\n<tr class=\"table__row\">\n<td class=\"table__column table__columnTitle\">Caracter\u00edsticas principales<\/td>\n<td class=\"table__column table__columnDescription\">A Base de Solvente<\/td>\n<\/tr>\n<tr class=\"table__row\">\n<td class=\"table__column table__columnTitle\">Reflejo del acabado<\/td>\n<td class=\"table__column table__columnDescription\">Brillo: Alto Brillo<\/td>\n<\/tr>\n<tr class=\"table__row\">\n<td class=\"table__column table__columnTitle\">Tiempo de curado completo, @ 20.0 \u00b0C<\/td>\n<td class=\"table__column table__columnDescription\">20.0 min<\/td>\n<\/tr>\n<\/tbody>\n<\/table>\n<\/div>\n<\/div>\n<\/div>\n<p>Ficha t\u00e9cnica:<\/p>\n<p><a href=\"file:\/\/\/C:\/Users\/PC\/Downloads\/Loctite%20FREKOTE%20FMS%20-%20ES%20(1).pdf\">file:\/\/\/C:\/Users\/PC\/Downloads\/Loctite%20FREKOTE%20700NC-ES%20(1).pdf<\/a><\/p>\n<p>&nbsp;<\/p>\n","protected":false},"excerpt":{"rendered":"<p>Sellador de moldes en base solvente para moldes de composite. Curado r\u00e1pido, 20 min. LOCTITE\u00ae FREKOTE\u00ae FMS es un sellador en base solvente que se utiliza<span class=\"excerpt-hellip\"> [\u2026]<\/span><\/p>\n","protected":false},"featured_media":10031,"template":"","meta":{"_joinchat":{"telephone":"+541172031234"}},"product_brand":[],"product_cat":[1008],"product_tag":[1082,1080,1079,1078,1077,1076,1081,409,443],"class_list":{"0":"post-10026","1":"product","2":"type-product","3":"status-publish","4":"has-post-thumbnail","6":"product_cat-cera-desmolde","7":"product_tag-curado-rapido","8":"product_tag-desmoldante","9":"product_tag-fms","10":"product_tag-frekote","11":"product_tag-henkel","12":"product_tag-loctite","13":"product_tag-moldes-prfv","14":"product_tag-resina","15":"product_tag-sellador","17":"first","18":"instock","19":"shipping-taxable","20":"purchasable","21":"product-type-simple"},"_links":{"self":[{"href":"https:\/\/nauticaescalada.com.ar\/eshop\/wp-json\/wp\/v2\/product\/10026","targetHints":{"allow":["GET"]}}],"collection":[{"href":"https:\/\/nauticaescalada.com.ar\/eshop\/wp-json\/wp\/v2\/product"}],"about":[{"href":"https:\/\/nauticaescalada.com.ar\/eshop\/wp-json\/wp\/v2\/types\/product"}],"wp:featuredmedia":[{"embeddable":true,"href":"https:\/\/nauticaescalada.com.ar\/eshop\/wp-json\/wp\/v2\/media\/10031"}],"wp:attachment":[{"href":"https:\/\/nauticaescalada.com.ar\/eshop\/wp-json\/wp\/v2\/media?parent=10026"}],"wp:term":[{"taxonomy":"product_brand","embeddable":true,"href":"https:\/\/nauticaescalada.com.ar\/eshop\/wp-json\/wp\/v2\/product_brand?post=10026"},{"taxonomy":"product_cat","embeddable":true,"href":"https:\/\/nauticaescalada.com.ar\/eshop\/wp-json\/wp\/v2\/product_cat?post=10026"},{"taxonomy":"product_tag","embeddable":true,"href":"https:\/\/nauticaescalada.com.ar\/eshop\/wp-json\/wp\/v2\/product_tag?post=10026"}],"curies":[{"name":"wp","href":"https:\/\/api.w.org\/{rel}","templated":true}]}}